 Suppose -l*s - s + 12 = 0. Suppose d = s*d + 2. Let c(f) = 4*f**3 - f. Calculate c(d).
-3
Let r(x) = x + 19. Suppose 0 = 4*m - m - 15. Suppose p + 0*s = -s + 3, -3*p = m*s - 11. Suppose -t - 10 = -5*t + 5*l, 4 = -p*l. What is r(t)?
19
Let a(p) = -p**3 - 2*p**2 + p - 2. Let z(t) be the first derivative of 7*t + 7/3*t**3 + 1 + t**4 - 2*t**2. Let d(y) = -7*a(y) - 2*z(y). Determine d(1).
0
Let t(v) = -3*v. Let w be ((-4)/5)/((-12)/30). Suppose 3*k = 3*x + 3, 0 = 5*x - w*k - 4 - 3. Let z be -3*x/((-36)/(-8)). What is t(z)?
6
Let f(r) = 7*r**2 + 12*r - 29. Let g(p) = -2*p**2 - p + 4. Let v(q) = -f(q) - 4*g(q). Calculate v(8).
13
Let s(a) = -a**2 + 2*a. Suppose 0 = -5*g + j - 2*j + 55, 5*j + 44 = 4*g. Suppose g = p + 7. Calculate s(p).
-8
Let i(r) = -r**3 - r**2 - r - 1. Let v(m) = -12 - m**2 + 6*m**3 + 3*m**2 + 2*m - 3*m**3 - 2*m**3. Let b(h) = 2*i(h) + v(h). What is b(0)?
-14
Let v = 4 + 0. Let l(x) = -2*x + 3. Let b(c) = c - 2. Let o(g) = v*b(g) + 3*l(g). Let f(p) = -p**2 + 2*p. Let w be f(3). What is o(w)?
7
Let m(r) = r + 2. Let j = 8 - 4. Let g be (-2 - -2) + j - 1. Suppose 5*i - 4 = -2*y, 0*y - y - g*i = -2. Give m(y).
4
Let s(m) = 1. Let k(d) = -d + 3. Let c(j) = -k(j) - 2*s(j). Determine c(6).
1
Let o be 1 + (-6)/(-2) + -1. Suppose o*k - 16 = -k. Let q(g) = -g**2 + 4*g - 2. What is q(k)?
-2
Suppose -44 = -23*s + 2. Let n(v) = -v**2 - 2*v + 1. Determine n(s).
-7
Suppose 3*t - 7*t = -24. Let n be 2/(-9) + t/27. Suppose n = -4*r + 11 + 5. Let g(a) = a**2 - 2*a - 2. Calculate g(r).
6
Let c(x) be the third derivative of -1/6*x**4 + 0 + 1/2*x**3 - 1/60*x**5 + 0*x + 11*x**2. Let m(o) = 2*o**3 + 3*o**2 + o + 2. Let d be m(-2). What is c(d)?
3
Let q(w) = -w**2 - 7*w + 4. Let k = -1 - 6. Let h be q(k). Suppose 3*c - f + 3*f = 5, 4*f = -h*c + 12. Let i(s) = 2*s**2 - 2*s - 1. Calculate i(c).
3
Suppose -5*f + 4*o = -74, -o - o - 82 = -5*f. Let p = 20 - f. Let l(b) = -8*b**p + 6*b + 3 + b + 9*b**2 + 0*b**2. What is l(-6)?
-3
Suppose -2*i + 287 = x, -2*i + 4*x + 361 - 79 = 0. Let v = 137 - i. Let u(f) = -f**3 - 7*f**2 - 1 - 6 + 4 - 7*f. Give u(v).
3
Let u(r) = -r**3 + 15*r**2 - 12*r - 20. Suppose 2*a = -5*q + 72, 4*q + 6*a - 55 = 7*a. What is u(q)?
8
Let d be (-2)/1 - (0 + -4). Suppose 17 = d*r + 11. Let y(c) = c**3 - 5*c**2 + 3*c - 1. Give y(r).
-10
Let c(p) = p**2 + 11*p - 1. Let u be 136/(-119)*(-14)/4. Suppose -2*a - 42 = 3*i - 15, -2*a = u*i + 38. Give c(i).
-1
Let x(b) = -b**2 - 19*b + 216. Let t be x(-27). Let s(f) be the third derivative of -f**6/120 - f**5/60 + f**4/24 - f**2. What is s(t)?
0
Let v be (2 + (-33)/18)*(35 - 5). Let n(s) be the first derivative of s**3/3 - 3*s**2/2 - 7*s + 4. What is n(v)?
3
Let s(a) = a**3 + 4*a**2 - 7*a - 1. Let g be s(-5). Suppose 5*m = -3*v + 5, -5*m - g = -5*v + 26. Let z(d) = -2*d + v*d - d + 7 - d. What is z(-5)?
2
Let r(a) = -a**3 + 6*a**2 - 2*a. Suppose -6 = -4*f + f. Suppose -2*b + 10 = 2*u, -f = -b - 3. Determine r(u).
-12
Let w(g) = g**3 - 4*g**2. Suppose -13*o - 70 = -18*o. Suppose o*x - 31 = 11. Give w(x).
-9
Let b = 90 - 87. Let q(g) = -26 + b*g - 5*g + 32. Determine q(7).
-8
Let p(n) = n + 1. Let o(r) = -3*r - 3. Let y = -37 - -26. Let a(u) = y*p(u) - 4*o(u). Calculate a(9).
10
Let o(f) = -f**3 + 3*f**2 - 4*f + 4. Suppose 17 + 13 = 6*u. Suppose u*w - 18 = 2. Let v be (-18)/4*w/(-6). Calculate o(v).
-8
Let p(f) = -f**3 + 4*f**2 + 3*f + 5. Suppose -55 = 2*k + 161. Let g be (-516)/k - (-4)/18. Give p(g).
-5
Let j(d) = 11*d + 4*d**2 + 12 - d**3 + 5*d**2 - 7. Give j(10).
15
Let j(f) = f**3 + 8*f**2 + 9*f + 9. Suppose -20 = -2*g - 3*g. Suppose 5*h - 10 = -2*p, -2 = g*p + 2*h - 3*h. Let s = -7 - p. Give j(s).
-5
Let h = 764 + -764. Let i(y) be the third derivative of 0*y**3 + 1/30*y**5 + 0*y + h - 1/24*y**4 - 6*y**2. What is i(1)?
1
Let v(k) = 14*k**3 - 3*k**3 - 5 + 2*k**2 - 8*k**3 + 3*k - 2*k**3. Calculate v(0).
-5
Suppose -3*o - o = -20. Suppose 5 = -4*c + 4*p - 7, -3*c + 4*p - 14 = 0. Let i(n) = -3 + 8 - n**2 + 6*n**c - 2*n - 5*n**3 + 4*n**3. What is i(o)?
-5
Let x(g) = 2*g**2 + 6*g. Suppose 0 = -3*f - 0*f + 15. Let v be ((-2)/4)/(f/40). Determine x(v).
8
Let i(b) be the second derivative of -b**3/6 - 3*b**2 - 4*b + 31. Determine i(-6).
0
Let a(s) = -11*s**2 - 4*s + 0 - 7*s**2 + 1 + 19*s**2. Calculate a(5).
6
Suppose -2*k - 4*a + 1 - 3 = 0, -3*k = 5*a + 4. Let q be (0 - 1)*-1 + k. Let l(b) = -3*b - 1. Give l(q).
5
Let j(d) = -d**3 + 16*d**2 - 14*d - 13. Let s be j(15). Let c(t) = 0*t**3 + 3 + t**3 - 2 - 7 + 6*t**s. Calculate c(-6).
-6
Let g(w) = 3*w**2 + 22*w - 19. Let r(d) = d**2 + 7*d - 6. Let q(o) = -2*g(o) + 7*r(o). Let y be 100/(-200) + 18/(-4). Give q(y).
-4
Suppose -8*s + 4*s + 24 = 0. Suppose 0*m = -m - s. Let h(c) = -c**2 - 7*c - 2. Give h(m).
4
Suppose -2*k - 2015 = -2011. Let w(x) = -x**3 - x**2 - x**2 + 2 + 3*x + 4*x**2. What is w(k)?
12
Let o(z) = 17*z**3 + 8*z**2 + 9*z - 5. Let x(t) = -14*t**3 - 8*t**2 - 9*t + 5. Let y(m) = -5*o(m) - 6*x(m). Determine y(9).
-5
Let i be (4/6)/((-4)/12). Let r(u) = -3*u + 78*u**2 + 64*u**2 - 145*u**2 - u**3. Calculate r(i).
2
Let a(b) = -13*b - 15. Let w(y) = 19*y + 22. Let f(i) = -7*a(i) - 5*w(i). Let h be f(-3). Let m(g) = g**3 - 6*g**2 - 9*g + 8. Determine m(h).
-6
Let r(y) be the third derivative of -y**5/30 + 3*y**4/8 + 2*y**3 + 2*y**2 - 36. What is r(6)?
-6
Suppose -21 = 9*u + 24. Let t(y) = -y**3 - 3*y**2 + 6*y + 5. Determine t(u).
25
Let v be (-38)/(-12) + 2/(-12). Let l be v + 1 + -2 - 2. Let g(o) = -3. Let u(z) = -z + 19. Let w(b) = 7*g(b) + u(b). Calculate w(l).
-2
Let a(d) = 5*d + 3*d + 0*d**2 + d**2 + 4. Let o(z) = z**3 + 7*z**2 + 3*z - 2. Let s be o(-6). Suppose -12 - s = 4*k. Calculate a(k).
-3
Suppose 2*x + 15 = 5*f, -5*f = -8*f - x + 9. Let m be ((-6)/(-8))/(f/12). Let v(j) = -4*j - 2 - 8 + 13 - 3*j**3 - 2*j**2 + 4*j**3. Calculate v(m).
0
Let i be 74/14 + 6/(-21). Suppose -3*r - i = 16. Let j(f) = f**2 + 3*f + 9*f + 10 - 3*f. What is j(r)?
-4
Let i(b) be the second derivative of -b**4/12 + 2*b**3/3 - b. Let l = 19 + -17. Determine i(l).
4
Let s(x) be the third derivative of 5*x**4/24 - x**3/3 - x**2 + 1. Let n(y) = y**2 + 4*y - 2. Suppose 8 = -3*v + v. Let t be n(v). Calculate s(t).
-12
Let k(f) = f**3 + 5*f**2 - 2*f - 6. Let r(m) = -3*m**2 - 2*m**3 + 2*m**2 + 7*m - m + m**3. Let g be r(-5). Let j be 1/(-2)*g/7. Calculate k(j).
4
Let r(b) be the third derivative of -b**7/840 + b**6/180 - b**5/15 + 2*b**2. Let q(k) be the third derivative of r(k). Let x = 6 + -3. Calculate q(x).
-14
Let p(w) = 2*w + 1. Let x(z) be the first derivative of z**3/3 + 5*z**2 - 9*z - 14. Let o be x(-11). Determine p(o).
5
Let o(y) = -y**3 + y**2 + y. Let f(i) = 7*i**3 - 5*i**2 - 6*i + 17. Let l be 1/(-2)*(3 - 1). Let b(z) = l*f(z) - 6*o(z). Give b(0).
-17
Let c(g) = 1756*g**2 - g - 5*g + 5 - 1757*g**2. Give c(-8).
-11
Let l(n) be the third derivative of n**2 + 0*n - 2*n**3 + 0 + 1/120*n**6 + 1/60*n**5 + 0*n**4. Give l(0).
-12
Let h = -34 - -39. Let p(b) = 2*b - 1 + 2*b - 1. Determine p(h).
18
Suppose -2*b = 3*r + 2*b + 27, -18 = 2*r - 4*b. Let j(c) = 6*c**2 - 16*c + 15. Let w(y) = -5*y**2 + 15*y - 13. Let m(v) = -6*j(v) - 7*w(v). Give m(r).
1
Let k(y) = y**3 + 7*y**2 + 6*y - 1. Let m(o) = 5*o + 12. Let u be m(4). Suppose -7*r - 10 = u. Calculate k(r).
-1
Let u(a) = -1 - 46*a**2 + 2*a**3 - a + 14*a**2 + 14*a**2 + 3 + 17*a**2. What is u(1)?
2
Let j = 11 - 6. Suppose 0*w - 29 = 4*g + j*w, -g - 5 = -w. Let i(l) = 2*l + 1. Determine i(g).
-11
Let d(j) be the second derivative of -j**3/6 + 5*j**2/2 + 2*j. Suppose -2*q + 4*g = 2, -2*q + 6*q - 2*g - 2 = 0. Let w be 0/(q - 4 - -5). What is d(w)?
5
Let c(a) be the third derivative of -5*a**4/24 + 11*a**3/6 - a**2. Let s(d) = -38 + 44 - 11*d + 8*d. Let m(u) = -4*c(u) + 7*s(u). Determine m(4).
-6
Let s(n) = -5*n**2 - 5*n + 4*n**2 + 2 + 0*n**2 + 2*n**2. What is s(5)?
2
Suppose -r - 5 = 5*x, 0*r - r - 2*x = 5. Let n(w) = -w**3 - 6*w**2 - 4*w - 5. What is n(r)?
-10
Let s = 2 + -9. Let q(n) = 8*n - 2. Let o be q(1). Let v(t) = -o + 4*t - t - 6*t + t. Calculate v(s).
8
Let x(w) be the second derivative of -5/6*w**3 + 1/12*w**4 - 15*w + 0 - 4*w**2. Calculate x(6).
-2
Let y = -25/53 + 353/636. Let x(d) be the second derivative of -1/6*d**3 + 0 - y*d**4 - 7*d + 1/2*d**2. What is x(2)?
-5
Let x(r) = r**2 + 9*r + 3. Suppose 4*f + f 